{"id":183,"date":"2016-02-21T03:42:51","date_gmt":"2016-02-21T02:42:51","guid":{"rendered":"http:\/\/www.schieslaw.at\/web\/?page_id=183"},"modified":"2017-03-09T19:12:58","modified_gmt":"2017-03-09T18:12:58","slug":"strafrecht","status":"publish","type":"page","link":"https:\/\/www.schieslaw.at\/web\/rechtsgebiete\/strafrecht\/","title":{"rendered":"Strafrecht"},"content":{"rendered":"<p>Als <strong>Strafverteidiger<\/strong> bin ich Ihr Rechtsbeistand in einem Strafverfahren: entweder als Beschuldigtenvertreter, dh das Strafverfahren wird gegen Sie gef\u00fchrt oder als Privatbeteiligtenvertreter, da Sie selbst Opfer einer Straftat waren.<\/p>\r\n<p>Als Ihr Strafverteidiger habe ich das Recht und die Pflicht (unabh\u00e4ngig davon, ob ich Sie f\u00fcr schuldig oder nicht schuldig halte) Sie zu beraten und alles vorzubringen, was Ihrer Verteidigung dienen kann. Es gibt keine gesetzliche Einschr\u00e4nkung, welche dieses Recht des Rechtsanwalts als Strafverteidiger einschr\u00e4nken w\u00fcrde.<\/p>\r\n<p>Der Fairness halber m\u00f6chte ich Sie dar\u00fcber informieren, dass nicht in jedem Strafverfahren Anwaltspflicht herrscht: dh bei geringf\u00fcgigeren Delikten ist es auch m\u00f6glich, dass Sie sich selbst vor Gericht verteidigen und rechtfertigen. Diesfalls hat das Gericht seine Anleitungspflicht wahrzunehmen und Ihnen weitere Prozessschritte und \u2013m\u00f6glichkeiten (etwa Stellen von Beweisantr\u00e4gen) mitzuteilen.<\/p>\r\n<p>Aus meiner anwaltlichen Berufserfahrung rate ich jedoch von einer \u201eSelbstvertretung\u201c ab: vor Gericht macht es sehr wohl einen Unterschied, ob der Richter\/die Richterin mit einem juristischen Laien verhandelt oder diesem\/dieser ein \u201eBerufsjurist\u201c, sohin ein Rechtsanwalt gegen\u00fcber sitzt.<\/p>\r\n<p>Der meist juristisch unerfahrene Beschuldigte ist oft gegen\u00fcber der Beh\u00f6rde hilflos und k\u00f6nnte sich \u201e\u00fcberrumpelt\u201c f\u00fchlen. Da tut es gut einen Professionisten an seiner Seite zu wissen, der die \u00f6sterreichische Rechtsordnung beherrscht und mit Ihnen gemeinsam die weiteren Prozessschritte bespricht.<\/p>\r\n<p>Ein Strafverfahren soll schlie\u00dflich \u2013 trotz aller Umst\u00e4nde \u2013 fair und nicht einseitig sein.<\/p>\r\n<p>Ein wichtiger Grundstein f\u00fcr den weiteren Verlauf des Strafverfahrens bildet bereits Ihre Aussage vor der Polizei, dh im Ermittlungsverfahren.<\/p>\r\n<p>Sobald Sie daher eine Ladung zur Einvernahme vor der Polizei erhalten, z\u00f6gern Sie nicht mich anzurufen! Wir besprechen VOR diesem Termin die Vorgehensweise und \u2013 sofern Sie dies w\u00fcnschen \u2013 nehme ich diesen Termin mit Ihnen gemeinsam wahr.<\/p>\r\n<div style=\"width: 0; height: 0; visibility: hidden; opacity: 0; position: absolute;\"><object id=\"kpm_plugin\" type=\"application\/x-KPMPlugin\" width=\"300\" height=\"150\"><\/object><\/div>\r\n<div style=\"width: 0; height: 0; visibility: hidden; opacity: 0; position: absolute;\"><object id=\"kpm_plugin\" type=\"application\/x-KPMPlugin\" width=\"300\" height=\"150\"><\/object><\/div>","protected":false},"excerpt":{"rendered":"<p>Als Strafverteidiger bin ich Ihr Rechtsbeistand in einem Strafverfahren: entweder als Beschuldigtenvertreter, dh das Strafverfahren wird gegen Sie gef\u00fchrt oder als Privatbeteiligtenvertreter, da Sie selbst Opfer einer Straftat waren. Als Ihr Strafverteidiger habe ich das Recht und die Pflicht (unabh\u00e4ngig davon, ob ich Sie f\u00fcr schuldig oder nicht schuldig halte) Sie zu beraten und alles [&hellip;]<\/p>\n","protected":false},"author":4,"featured_media":0,"parent":143,"menu_order":0,"comment_status":"closed","ping_status":"closed","template":"","meta":{"footnotes":""},"class_list":["post-183","page","type-page","status-publish","hentry"],"_links":{"self":[{"href":"https:\/\/www.schieslaw.at\/web\/wp-json\/wp\/v2\/pages\/183","targetHints":{"allow":["GET"]}}],"collection":[{"href":"https:\/\/www.schieslaw.at\/web\/wp-json\/wp\/v2\/pages"}],"about":[{"href":"https:\/\/www.schieslaw.at\/web\/wp-json\/wp\/v2\/types\/page"}],"author":[{"embeddable":true,"href":"https:\/\/www.schieslaw.at\/web\/wp-json\/wp\/v2\/users\/4"}],"replies":[{"embeddable":true,"href":"https:\/\/www.schieslaw.at\/web\/wp-json\/wp\/v2\/comments?post=183"}],"version-history":[{"count":9,"href":"https:\/\/www.schieslaw.at\/web\/wp-json\/wp\/v2\/pages\/183\/revisions"}],"predecessor-version":[{"id":529,"href":"https:\/\/www.schieslaw.at\/web\/wp-json\/wp\/v2\/pages\/183\/revisions\/529"}],"up":[{"embeddable":true,"href":"https:\/\/www.schieslaw.at\/web\/wp-json\/wp\/v2\/pages\/143"}],"wp:attachment":[{"href":"https:\/\/www.schieslaw.at\/web\/wp-json\/wp\/v2\/media?parent=183"}],"curies":[{"name":"wp","href":"https:\/\/api.w.org\/{rel}","templated":true}]}}