{"id":366,"date":"2016-04-14T22:01:54","date_gmt":"2016-04-14T20:01:54","guid":{"rendered":"http:\/\/www.schieslaw.at\/web\/?page_id=366"},"modified":"2026-04-02T11:03:05","modified_gmt":"2026-04-02T09:03:05","slug":"anfrage","status":"publish","type":"page","link":"https:\/\/www.schieslaw.at\/web\/kontakt\/anfrage\/","title":{"rendered":"Anfrage"},"content":{"rendered":"Ich freue mich, dass Sie mit mir in Kontakt treten m\u00f6chten. Bitte f\u00fcllen Sie das untenstehende Formular aus, ich melde mich verl\u00e4sslich bei Ihnen. Beachten Sie bitte, dass die mit Stern (*) gekennzeichneten Felder ausgef\u00fcllt werden m\u00fcssen. \n<div class=\"wpcf7 no-js\" id=\"wpcf7-f1858-o1\" lang=\"de-DE\" dir=\"ltr\">\n<div class=\"screen-reader-response\"><p role=\"status\" aria-live=\"polite\" aria-atomic=\"true\"><\/p> <ul><\/ul><\/div>\n<form action=\"\/web\/wp-json\/wp\/v2\/pages\/366#wpcf7-f1858-o1\" method=\"post\" class=\"wpcf7-form init wpcf7-acceptance-as-validation\" aria-label=\"Kontaktformular\" novalidate=\"novalidate\" data-status=\"init\">\n<div style=\"display: none;\">\n<input type=\"hidden\" name=\"_wpcf7\" value=\"1858\" \/>\n<input type=\"hidden\" name=\"_wpcf7_version\" value=\"5.9.5\" \/>\n<input type=\"hidden\" name=\"_wpcf7_locale\" value=\"de_DE\" \/>\n<input type=\"hidden\" name=\"_wpcf7_unit_tag\" value=\"wpcf7-f1858-o1\" \/>\n<input type=\"hidden\" name=\"_wpcf7_container_post\" value=\"0\" \/>\n<input type=\"hidden\" name=\"_wpcf7_posted_data_hash\" value=\"\" \/>\n<\/div>\n<p>Zuerst m\u00fcssen wir feststellen, dass Sie kein Roboter sind:<br \/>\n<label><span class=\"wpcf7-form-control-wrap\" data-name=\"quiz-626\"><label><span class=\"wpcf7-quiz-label\">Wie hei\u00dft die Hauptstadt von \u00d6sterreich?<\/span> <input size=\"40\" class=\"wpcf7-form-control wpcf7-quiz\" autocomplete=\"off\" aria-required=\"true\" aria-invalid=\"false\" type=\"text\" name=\"quiz-626\" \/><\/label><input type=\"hidden\" name=\"_wpcf7_quiz_answer_quiz-626\" value=\"8530546089782e367c1b8a863cc233b7\" \/><\/span><\/label>\n<\/p>\n<p><label> Name: (*)<br \/>\n<span class=\"wpcf7-form-control-wrap\" data-name=\"your-name\"><input size=\"40\" class=\"wpcf7-form-control wpcf7-text wpcf7-validates-as-required\" aria-required=\"true\" aria-invalid=\"false\" value=\"\" type=\"text\" name=\"your-name\" \/><\/span> <\/label>\n<\/p>\n<p><label> E-Mail: (*)<br \/>\n<span class=\"wpcf7-form-control-wrap\" data-name=\"your-email\"><input size=\"40\" class=\"wpcf7-form-control wpcf7-email wpcf7-validates-as-required wpcf7-text wpcf7-validates-as-email\" aria-required=\"true\" aria-invalid=\"false\" value=\"\" type=\"email\" name=\"your-email\" \/><\/span> <\/label>\n<\/p>\n<p><label> Telefonnummer: (*)<br \/>\n<span class=\"wpcf7-form-control-wrap\" data-name=\"tel-157\"><input size=\"40\" class=\"wpcf7-form-control wpcf7-tel wpcf7-validates-as-required wpcf7-text wpcf7-validates-as-tel\" aria-required=\"true\" aria-invalid=\"false\" value=\"\" type=\"tel\" name=\"tel-157\" \/><\/span> <\/label>\n<\/p>\n<p><label> Nachricht: (*)<br \/>\n<span class=\"wpcf7-form-control-wrap\" data-name=\"your-message\"><textarea cols=\"40\" rows=\"10\" class=\"wpcf7-form-control wpcf7-textarea wpcf7-validates-as-required\" aria-required=\"true\" aria-invalid=\"false\" name=\"your-message\"><\/textarea><\/span> <\/label>\n<\/p>\n<p><label> <span class=\"wpcf7-form-control-wrap\" data-name=\"acceptance-479\"><span class=\"wpcf7-form-control wpcf7-acceptance\"><span class=\"wpcf7-list-item\"><input type=\"checkbox\" name=\"acceptance-479\" value=\"1\" aria-invalid=\"false\" \/><\/span><\/span><\/span> Ich habe die <a href=\"http:\/\/www.schieslaw.at\/web\/kontakt\/dse\/\"> Datenschutzbestimmungen <\/a> gelesen und akzeptiere diese. <\/label>\n<\/p>\n<p>Die mit (*) gekennzeichneten Felder sind Pflichtfelder.\n<\/p>\n<p><input class=\"wpcf7-form-control wpcf7-submit has-spinner\" type=\"submit\" value=\"Anfrage schicken\" \/>\n<\/p><div class=\"wpcf7-response-output\" aria-hidden=\"true\"><\/div>\n<\/form>\n<\/div>\n","protected":false},"excerpt":{"rendered":"<p>Ich freue mich, dass Sie mit mir in Kontakt treten m\u00f6chten. Bitte f\u00fcllen Sie das untenstehende Formular aus, ich melde mich verl\u00e4sslich bei Ihnen. Beachten Sie bitte, dass die mit Stern (*) gekennzeichneten Felder ausgef\u00fcllt werden m\u00fcssen.<\/p>\n","protected":false},"author":4,"featured_media":0,"parent":118,"menu_order":0,"comment_status":"closed","ping_status":"closed","template":"","meta":{"footnotes":""},"class_list":["post-366","page","type-page","status-publish","hentry"],"_links":{"self":[{"href":"https:\/\/www.schieslaw.at\/web\/wp-json\/wp\/v2\/pages\/366","targetHints":{"allow":["GET"]}}],"collection":[{"href":"https:\/\/www.schieslaw.at\/web\/wp-json\/wp\/v2\/pages"}],"about":[{"href":"https:\/\/www.schieslaw.at\/web\/wp-json\/wp\/v2\/types\/page"}],"author":[{"embeddable":true,"href":"https:\/\/www.schieslaw.at\/web\/wp-json\/wp\/v2\/users\/4"}],"replies":[{"embeddable":true,"href":"https:\/\/www.schieslaw.at\/web\/wp-json\/wp\/v2\/comments?post=366"}],"version-history":[{"count":6,"href":"https:\/\/www.schieslaw.at\/web\/wp-json\/wp\/v2\/pages\/366\/revisions"}],"predecessor-version":[{"id":2295,"href":"https:\/\/www.schieslaw.at\/web\/wp-json\/wp\/v2\/pages\/366\/revisions\/2295"}],"up":[{"embeddable":true,"href":"https:\/\/www.schieslaw.at\/web\/wp-json\/wp\/v2\/pages\/118"}],"wp:attachment":[{"href":"https:\/\/www.schieslaw.at\/web\/wp-json\/wp\/v2\/media?parent=366"}],"curies":[{"name":"wp","href":"https:\/\/api.w.org\/{rel}","templated":true}]}}